 = -80 + 71. Let n = 61 - c. What is the highest common divisor of n and 28?
14
Let f be (-3 + 3)*1*-1. Suppose 4*p - 42 - 90 = f. Let b = p + -18. What is the greatest common factor of b and 15?
15
Let f be (-30)/27 - 35385/(-135). Let m(v) = -v + 29. Let r be m(0). Calculate the greatest common divisor of r and f.
29
Suppose -1650 = -5*c - 10*c. What is the greatest common divisor of 55 and c?
55
Let o be (0 - 1)/((-1)/5). Suppose 3*q + 5*l = 39 + 7, 0 = -o*q - 2*l + 45. Let g = 198 - 142. Calculate the highest common divisor of q and g.
7
Let h(y) = 82*y - 114. Let u be h(3). What is the greatest common factor of u and 88?
44
Let k = 9 + -4. Suppose 0 = k*p - 4*p - 168. What is the greatest common factor of p and 21?
21
Let c(n) = -n**2 + 14*n - 8. Let v be c(8). Let y be ((-6)/(-8))/(0 - (-15)/v). Let z be (10/(-25))/((-2)/10). What is the greatest common divisor of y and z?
2
Suppose 2*j + 1 = -v, 3*v + 7 = -j - 6. Let r(n) = -7*n - 2. Let i be r(-2). Let b = i - j. Calculate the highest common divisor of 5 and b.
5
Let u(s) = 4*s + 52. Let g be u(-16). Let m be ((-36)/(-15))/(g/(-30)). Suppose -2*d + t = 3, 5*d = 4*t - 3*t. What is the highest common divisor of m and d?
1
Let b(s) = s**2 - 9*s - 6. Let q be b(9). Let v be ((-16)/q)/(2/3). Suppose -f = 3*o + 2, f + 0*f + 2*o = 0. What is the greatest common factor of f and v?
4
Suppose 2*i = -0*i - 18. Let g be i/(3 + 0) - (-22 - -1). What is the greatest common factor of 6 and g?
6
Let i = -24 + 15. Let t be i/(-18) + 29/2. Let x(z) = z**2 - 8*z - 45. Let y be x(-10). Calculate the highest common divisor of y and t.
15
Let s be (-4)/7*(-28)/8. Let k(l) = 12*l**2. Let m be k(s). What is the greatest common factor of 24 and m?
24
Suppose 5*s = 5*m - 675, -m + 5*s + 174 = 51. What is the highest common divisor of 46 and m?
46
Suppose 0 = -5*s + 2*x + 30, 0*s - x = 2*s - 3. Calculate the greatest common divisor of 64 and s.
4
Suppose -g + 24 = 188. Let t = -159 - g. Calculate the highest common factor of 10 and t.
5
Let n = 148 - 128. Let k(s) = 5*s + 220. Let j be k(0). Calculate the greatest common divisor of j and n.
20
Suppose z - 5*g - 72 = 0, -30 = 3*z + 3*g - 246. Let b be (-7 - -6)/(2/(-10)). Suppose -2*n + 13 + b = 0. What is the greatest common factor of z and n?
9
Let c(k) = -2*k**2 + 61*k - 51. Let v be c(29). What is the greatest common divisor of v and 168?
12
Let n(z) be the third derivative of z**5/60 - z**4/2 + 13*z**3/6 - 5*z**2. Let y be n(11). Suppose l = y*l - 9. What is the highest common divisor of l and 72?
9
Suppose -2*z - 147 = -3*t, -2*z = -t - t + 100. Let n = 81 - t. What is the highest common factor of n and 51?
17
Suppose 3*k - 32 = a, -5*k + 23*a + 70 = 18*a. Let j be ((-6)/8)/((-4)/144). Calculate the highest common divisor of j and k.
9
Let g = -2059 - -2194. What is the highest common divisor of 55 and g?
5
Let h(g) = g**3 + 40*g**2 - 42*g + 43. Let l be h(-41). Calculate the highest common factor of 1890 and l.
42
Let q = -136 - -143. What is the greatest common factor of 49 and q?
7
Suppose -2*c + 18 + 8 = 0. Let d = -11 + c. Let g be ((-1)/d)/(3/(-396)). What is the highest common factor of g and 22?
22
Suppose 0*p + 3*p - 72 = 0. Let g = 39 - p. Calculate the greatest common divisor of 6 and g.
3
Suppose -2*b - 102 = -5*y - 4*b, 1 = b. What is the greatest common divisor of y and 160?
20
Let y(d) = -d**3 - 16*d**2 + 15*d + 15. Let i be y(-17). Calculate the greatest common divisor of 49 and i.
49
Suppose 3*j + 13 = -2*w, 0 = 4*w - 0*j - 4*j - 24. Let h = w + -5. Let p be ((-4)/h - 2)*-10. Calculate the greatest common divisor of p and 30.
10
Suppose 24*q + 43 = 187. Calculate the highest common divisor of q and 8.
2
Let l(b) = b + 4. Let s be l(-1). Let v = s - -24. Calculate the greatest common factor of 3 and v.
3
Let t = -1218 + 1241. What is the greatest common divisor of 713 and t?
23
Let q(k) = 4*k + 1. Let s be q(4). Suppose -n + i + 136 = 0, -2*n + i = -2*i - 272. Calculate the highest common factor of n and s.
17
Let t(p) = -p**3 + 5*p**2 + 3*p - 7. Let j be t(5). Suppose 0 = 23*n - 859 - 613. Calculate the highest common factor of n and j.
8
Let x = 70 - 40. Let t = x + -8. Suppose -z - t = -72. What is the greatest common divisor of 10 and z?
10
Let g = -8 + 36. Let u be 1/6 + (-24178)/(-84). Suppose 4*b = 4*d + u, d = 4*b + 3*d - 276. Calculate the highest common factor of g and b.
14
Suppose -5*d = q - 7, 5 = 3*q - 3*d + 2*d. Suppose b = q*b - 56. Calculate the highest common divisor of b and 14.
14
Let m(f) = f**2 - 5*f + 6. Let i be m(4). Suppose -15 = 7*o - 10*o. What is the highest common factor of i and o?
1
Let o(j) = j**3 - 2*j**2 + j + 7. Let d be o(5). What is the highest common factor of d and 203?
29
Let q = 3 + 8. Let y = 21 + -19. Suppose 5*z + y*u - 4*u = 277, 0 = -2*z + 2*u + 112. Calculate the highest common divisor of q and z.
11
Let i(v) = -v + 46. Let d be i(22). Suppose -84 = -3*a - a. Let c be ((-18)/a)/((-3)/84). What is the highest common divisor of d and c?
24
Suppose 8160 - 1285 = 11*d. Calculate the greatest common divisor of 50 and d.
25
Let d be (-3)/8 + (-81)/(-24) + 15. Let b(z) be the first derivative of -z**2 - 4*z + 1. Let c be b(-5). Calculate the greatest common divisor of c and d.
6
Let d(v) be the second derivative of -v**4/12 - v**3/3 + 5*v**2 - 21*v. Let l be d(-4). Calculate the greatest common divisor of l and 2.
2
Let p be 4 + (-1)/((-4)/16). Suppose -29 + 37 = v. Calculate the highest common factor of p and v.
8
Let o be (23/(-69))/((0 + 1)/(-81)). Calculate the highest common divisor of 9 and o.
9
Let o be (-4)/(-48) + (-73074)/(-72). What is the greatest common factor of o and 35?
35
Suppose 4*w = -364 + 32. Let j = w - -178. Calculate the highest common divisor of j and 38.
19
Suppose 1977 - 23037 = -10*u. Calculate the highest common factor of 26 and u.
26
Let s = 466 + -226. Suppose 0 = -3*l + 35 + 37. What is the highest common factor of s and l?
24
Let p = 13 - 7. Suppose -4*r - p*o + 2*o + 28 = 0, -r - 5 = -3*o. Calculate the highest common divisor of 44 and r.
4
Let b = -43 + 119. Let t = b + -49. Let x = 76 - t. Calculate the greatest common factor of 7 and x.
7
Let q(k) = -k**3 + 8*k**2 - 4*k + 15. Let l be q(7). Suppose -l = -5*u + 24. What is the greatest common factor of u and 24?
12
Suppose 64 - 16 = 3*v. Suppose -u + 22 = 17. Suppose -3*r - m + 379 = 0, -5*m - 1004 = -u*r - 339. Calculate the greatest common divisor of r and v.
16
Let y be (-22720)/(-7 - 1) - (-3 - 4). Calculate the greatest common factor of 39 and y.
39
Suppose -8*q - 432 = -1216. Calculate the greatest common factor of 84 and q.
14
Suppose 3*v + 2*f = 6, 40*f + 3 = 39*f. Let t = -1 + 1. Suppose 56 = -t*u + 2*u - 4*a, -5*u + 4*a = -116. Calculate the greatest common divisor of u and v.
4
Let w(r) = 4*r**2 + 3*r + 4. Let j be w(5). Let m = 3 + -1. Suppose 0*z = m*z - 34. What is the highest common divisor of j and z?
17
Suppose 7 = 2*z - h - 5, 34 = 4*z + 3*h. Let d = z - 5. Suppose d*c = j + 6, -4*c - 4 = -5*j - 10. What is the highest common divisor of 2 and j?
2
Suppose 0 = -2*n + s - 2*s - 36, 52 = -2*n + 3*s. Let b = n + 35. What is the highest common divisor of 5 and b?
5
Suppose 2*s - d = 2*d + 132, -224 = -3*s - 2*d. Suppose 5*c = 8*c - s. What is the highest common factor of c and 216?
24
Let z = -2707 + 2951. Calculate the highest common factor of z and 305.
61
Suppose 4*g - 11 = -3*v + 8, -5*v + 4*g + 21 = 0. Suppose -u - 5*p - 36 = -v*u, -3*p = 5*u - 82. What is the greatest common factor of u and 21?
7
Suppose -2*x + 65 = 3*x. Let y be (-11)/(-33) + (-392)/(-6) + 4/(-6). Calculate the greatest common divisor of x and y.
13
Let v = 13 + -7. Suppose -55 = h - v*h. Suppose -3*i - i + 20 = 0, 0 = -d - i + 60. Calculate the highest common divisor of h and d.
11
Let b be -155*3/((-30)/4). Let o = -61 + b. What is the highest common divisor of o and 1?
1
Let a = 1075 - 531. Calculate the greatest common divisor of 34 and a.
34
Suppose -3*p - 4*t + 2 = -p, 4*p = t + 4. Let g be (7 + p)*9/(-4). Let o be 5*g*(-4)/20. What is the greatest common divisor of 18 and o?
18
Let l be -3 + (-85)/(-10) + (-1)/2. Calculate the greatest common divisor of 125 and l.
5
Let m = -2339 - -5770. Calculate the greatest common